 thousands digit of 51131?
5
What is the thousands digit of 24396?
4
What is the units digit of 149237?
7
What is the ten thousands digit of 154979?
5
What is the hundreds digit of 420?
4
What is the ten thousands digit of 67118?
6
What is the tens digit of 131?
3
What is the hundreds digit of 1128?
1
What is the units digit of 2416?
6
What is the units digit of 226?
6
What is the thousands digit of 196341?
6
What is the thousands digit of 1653?
1
What is the thousands digit of 179749?
9
What is the units digit of 8871?
1
What is the thousands digit of 8609?
8
What is the units digit of 392?
2
What is the ten thousands digit of 36945?
3
What is the units digit of 37452?
2
What is the tens digit of 6068?
6
What is the tens digit of 2610?
1
What is the units digit of 2876?
6
What is the units digit of 1648?
8
What is the hundreds digit of 12204?
2
What is the hundreds digit of 57116?
1
What is the tens digit of 21385?
8
What is the thousands digit of 40307?
0
What is the thousands digit of 1220?
1
What is the hundreds digit of 49525?
5
What is the tens digit of 36440?
4
What is the units digit of 5047?
7
What is the hundred thousands digit of 115280?
1
What is the units digit of 597?
7
What is the thousands digit of 8338?
8
What is the units digit of 2305?
5
What is the tens digit of 5653?
5
What is the hundreds digit of 62662?
6
What is the ten thousands digit of 22052?
2
What is the thousands digit of 1050?
1
What is the thousands digit of 3138?
3
What is the hundreds digit of 80222?
2
What is the tens digit of 31576?
7
What is the tens digit of 25911?
1
What is the thousands digit of 2257?
2
What is the thousands digit of 19259?
9
What is the hundreds digit of 2603?
6
What is the hundreds digit of 780?
7
What is the thousands digit of 7997?
7
What is the tens digit of 13439?
3
What is the units digit of 77408?
8
What is the thousands digit of 22573?
2
What is the thousands digit of 3000?
3
What is the units digit of 11252?
2
What is the thousands digit of 8968?
8
What is the hundreds digit of 2448?
4
What is the ten thousands digit of 69514?
6
What is the units digit of 351?
1
What is the ten thousands digit of 60085?
6
What is the units digit of 79301?
1
What is the hundreds digit of 53597?
5
What is the thousands digit of 45340?
5
What is the units digit of 15862?
2
What is the thousands digit of 29125?
9
What is the thousands digit of 9282?
9
What is the ten thousands digit of 15141?
1
What is the tens digit of 452?
5
What is the thousands digit of 174412?
4
What is the tens digit of 8373?
7
What is the thousands digit of 1602?
1
What is the thousands digit of 4784?
4
What is the units digit of 1?
1
What is the thousands digit of 25979?
5
What is the hundreds digit of 1660?
6
What is the thousands digit of 3991?
3
What is the tens digit of 456?
5
What is the tens digit of 174?
7
What is the units digit of 146858?
8
What is the units digit of 634?
4
What is the tens digit of 436?
3
What is the hundreds digit of 86004?
0
What is the hundreds digit of 3828?
8
What is the tens digit of 154?
5
What is the thousands digit of 4467?
4
What is the ten thousands digit of 19865?
1
What is the tens digit of 56658?
5
What is the hundreds digit of 967?
9
What is the thousands digit of 129620?
9
What is the thousands digit of 19050?
9
What is the thousands digit of 5414?
5
What is the hundreds digit of 2336?
3
What is the ten thousands digit of 47141?
4
What is the units digit of 1998?
8
What is the tens digit of 385?
8
What is the units digit of 1320?
0
What is the thousands digit of 27235?
7
What is the hundreds digit of 2566?
5
What is the tens digit of 19870?
7
What is the tens digit of 4071?
7
What is the units digit of 2224?
4
What is the tens digit of 945?
4
What is the tens digit of 343?
4
What is the units digit of 2498?
8
What is the thousands digit of 16404?
6
What is the tens digit of 7001?
0
What is the thousands digit of 2602?
2
What is the hundreds digit of 8897?
8
What is the ten thousands digit of 38125?
3
What is the ten thousands digit of 44704?
4
What is the units digit of 45222?
2
What is the thousands digit of 5455?
5
What is the tens digit of 1205?
0
What is the hundreds digit of 704?
7
What is the units digit of 33437?
7
What is the thousands digit of 33626?
3
What is the tens digit of 4662?
6
What is the units digit of 9528?
8
What is the tens digit of 9214?
1
What is the thousands digit of 3416?
3
What is the tens digit of 757?
5
What is the hundreds digit of 20450?
4
What is the tens digit of 1759?
5
What is the tens digit of 2081?
8
What is the hundreds digit of 2559?
5
What is the thousands digit of 40482?
0
What is the ten thousands digit of 28886?
2
What is the ten thousands digit of 44614?
4
What is the tens digit of 558?
5
What is the units digit of 2772?
2
What is the units digit of 8552?
2
What is the units digit of 4670?
0
What is the hundreds digit of 33179?
1
What is the hundreds digit of 6464?
4
What is the thousands digit of 3489?
3
What is the ten thousands digit of 11555?
1
What is the hundreds digit of 3568?
5
What is the tens digit of 8386?
8
What is the tens digit of 1874?
7
What is the hundreds digit of 5670?
6
What is the units digit of 871?
1
What is the hundreds digit of 5519?
5
What is the tens digit of 88?
8
What is the hundreds digit of 1190?
1
What is the units digit of 55227?
7
What is the thousands digit of 7151?
7
What is the units digit of 4467?
7
What is the tens digit of 122?
2
What is the tens digit of 130514?
1
What is the hundreds digit of 215?
2
What is the thousands digit of 61565?
1
What is the units digit of 9?
9
What is the hundreds digit of 1024?
0
What is the thousands digit of 1681?
1
What is the tens digit of 2231?
3
What is the tens digit of 89067?
6
What is the ten thousands digit of 47410?
4
What is the hundreds digit of 45952?
9
What is the tens digit of 30713?
1
What is the hundreds digit of 588?
5
What is the thousands digit of 2381?
2
What is the units digit of 2870?
0
What is the hundreds digit of 14221?
2
What is the ten thousands digit of 133439?
3
What is the tens digit of 1054?
5
What is the units digit of 2358?
8
What is the hundreds digit of 2665?
6
What is the ten thousands digit of 125997?
2
What is the ten thousands digit of 102505?
0
What is the hundreds digit of 4924?
9
What is the tens digit of 532?
3
What is the hundreds digit of 53702?
7
What is the units digit of 2737?
7
What is the thousands digit of 1928?
1
What is the hundreds digit of 11557?
5
What is the units digit of 762?
2
What is the thousands digit of 51252?
1
What is the hundreds digit of 3322?
3
What is the thousands digit of 1043?
1
What is the ten thousands digit of 13346?
1
What is the tens digit of 4155?
5
What is the tens digit of 2367?
6
What is the hundreds digit of 783?
7
What is the thousands digit of 2743?
2
What is the ten thousands digit of 16203?
1
What is the units digit of 1401?
1
What is the thousands digit of 70817?
0
What is the thousands digit of 3806?
3
What is the units digit of 468?
8
What is the hundreds digit of 2590?
5
What is the hundreds digit of 1688?
6
What is the thousands digit of 25641?
5
What is the tens digit of 56925?
2
What is the hundreds digit of 60731?
7
What is the tens digit of 474?
7
What is the tens digit of 1018?
1
What is the hundreds digit of 322?
3
What is the hundreds digit of 24894?
8
What is the thousands digit of 13486?
3
What is the thousands digit of 68928?
8
What is the hundreds digit of 79630?
6
What is the units digit of 6231?
1
What is the tens digit of 31846?
4
What is the units digit of 16981?
1
What is the thousands digit of 1473?
1
What is the hundreds digit of 45650?
6
What is the units digit of 364?
4
What is the hundreds digit of 3280?
2
What is the tens digit of 5573?
7
What is the thousands digit of 50336?
0
What is the units digit of 413?
3
What is the tens digit of 58241?
4
What is the ten thousands digit of 92432?
9
What is the hundreds digit of 5423?
4
What is the hundred thousands digit of 107031?
1
What is the units digit of 45?
5
What is the ten thousands digit of 28060?
2
What is the units digit of 952?
2
What is the units digit of 7741?
1
What is the hundreds digit of 6634?
6
What is the hundreds digit of 6855?
8
What is 